2 + -a1a7371a?
-a1a73718
In base 14, what is -29d76d - 0?
-29d76d
In base 14, what is 1a5538 + -16?
1a5522
In base 8, what is -533 - -132464?
131731
In base 12, what is -14 + 149a1a0?
149a188
In base 16, what is b2214 + 299?
b24ad
In base 7, what is -3 - 52531161?
-52531164
In base 16, what is -90b7 + -4e?
-9105
In base 12, what is 42395 - 1415?
40b80
In base 5, what is -321230200 - 3333?
-321234033
In base 12, what is 1 + -7a3368?
-7a3367
In base 13, what is -45 - -90c189?
90c144
In base 11, what is -32996 + 9a3?
-31aa3
In base 2, what is 10101001011010111001101010 + 101?
10101001011010111001101111
In base 16, what is 3 + -2846f28?
-2846f25
In base 6, what is 22050 + 100324?
122414
In base 6, what is 31552 + 444?
32440
In base 12, what is -97 - 877ab0?
-877b87
In base 11, what is 160530876 + -5?
160530871
In base 13, what is -34332b - -2?
-343329
In base 12, what is b054aa9 + 0?
b054aa9
In base 13, what is -c288 + -213?
-c49b
In base 13, what is -c + -234a55?
-234a64
In base 10, what is 303 - 611283?
-610980
In base 2, what is -111001101010000100111100111 - -10?
-111001101010000100111100101
In base 13, what is 11809 - 229?
115b0
In base 10, what is 0 + -26247419?
-26247419
In base 16, what is 254f + 98d?
2edc
In base 6, what is 3 + 335012505?
335012512
In base 3, what is 112002020011112 - -2021?
112002020020210
In base 14, what is -18b - -47c?
2d1
In base 13, what is -1 - 994645?
-994646
In base 4, what is 12233010012 - -131?
12233010203
In base 3, what is -11201112010 + -22011122?
-12000200202
In base 2, what is 111100001101010 + -11010111?
111011110010011
In base 13, what is 3922ab - -a?
3922b8
In base 6, what is 1025132 + 20211?
1045343
In base 15, what is -598c6 + -b7?
-5998d
In base 8, what is 124305423 + -26?
124305375
In base 16, what is -ef + -21ae?
-229d
In base 16, what is 4c6 + -2d3b?
-2875
In base 15, what is -120bb94 - 7?
-120bb9b
In base 7, what is -1 - 6345354?
-6345355
In base 3, what is 100112211120020 - -10?
100112211120100
In base 4, what is -3330 + 2322110?
2312120
In base 12, what is 40 - -1981876?
19818b6
In base 2, what is -10011010 + -111111111010110?
-1000000001110000
In base 14, what is 2a04bdb + 1?
2a04bdc
In base 14, what is -6da9 + -d8?
-70a3
In base 7, what is 33135221 - 1?
33135220
In base 5, what is -402 + 103212003?
103211101
In base 13, what is -1 - -9c32b83?
9c32b82
In base 5, what is 11411311 - -132?
11411443
In base 8, what is -404024771 + -5?
-404024776
In base 5, what is 10423104 - -30?
10423134
In base 10, what is 2730 - 186601?
-183871
In base 6, what is 2435 - 204510?
-202031
In base 14, what is b3883 - 51?
b3832
In base 9, what is 3 - 4707555?
-4707552
In base 8, what is -136544 + 7?
-136535
In base 3, what is 210 + 1022020100212?
1022020101122
In base 5, what is 123 + -130033330?
-130033202
In base 11, what is a6721 - -3?
a6724
In base 3, what is -112020002 + -20101121?
-202121200
In base 16, what is 144a0 - bd?
143e3
In base 12, what is 75572 + -5b6?
74b78
In base 9, what is 183 - 1147341?
-1147147
In base 16, what is -7aca68 - -15?
-7aca53
In base 8, what is 13507413 - 5?
13507406
In base 7, what is 63150 + -1232?
61615
In base 15, what is -99 + -15404?
-1549d
In base 7, what is 16446 + -6243?
10203
In base 4, what is -2120031 + 320210?
-1133221
In base 4, what is -112211 - 323122031?
-323300302
In base 8, what is -306 + 105153?
104645
In base 7, what is -422224 - 351?
-422605
In base 15, what is -13 - 139ee4?
-13a007
In base 2, what is 1101110111 - -111100100111011110?
111100110101010101
In base 15, what is 84c25 + -14?
84c11
In base 5, what is 240223330 + 202?
240224032
In base 14, what is 6807d + 93?
68132
In base 8, what is -27037651 + 3?
-27037646
In base 3, what is -201220110 - 2112220?
-211110100
In base 3, what is 212100 + 2000022121?
2001011221
In base 3, what is -102220002012200000 - 21?
-102220002012200021
In base 4, what is -1022 - 2331331113?
-2331332201
In base 3, what is 102201220111002 + 12?
102201220111021
In base 11, what is -145401 + -347?
-145748
In base 2, what is -1100000111101001000010110 - 10?
-1100000111101001000011000
In base 8, what is -242 - 2122423?
-2122665
In base 13, what is -95726a20 - -2?
-95726a1b
In base 2, what is -11110101111 + 11101010111000?
11001100001001
In base 6, what is -50321 - -11243?
-35034
In base 7, what is 45663135 - 12?
45663123
In base 4, what is 12 + -11033022133330?
-11033022133312
In base 6, what is 35220012 - 5?
35220003
In base 11, what is -88a024 + 170?
-889964
In base 9, what is 5 - -333864078?
333864084
In base 7, what is 14 + 22515321?
22515335
In base 6, what is 43410 + 52322?
140132
In base 6, what is 141353 - -12333?
154130
In base 7, what is -11314120 - 131?
-11314251
In base 14, what is 8d5 + -6bb0?
-62b9
In base 9, what is 1 - -3614058?
3614060
In base 14, what is -635a9 + -1da?
-637a5
In base 4, what is -1 - 201330103011?
-201330103012
In base 7, what is 1311364 - 56?
1311305
In base 5, what is 30230 - -130312?
211042
In base 12, what is -1329525 - -4?
-1329521
In base 16, what is -ba95 - 7d?
-bb12
In base 4, what is 0 - -3121123003?
3121123003
In base 11, what is -17632 + 193?
-1744a
In base 8, what is 261136167 - -5?
261136174
In base 10, what is 1968414 + 341?
1968755
In base 7, what is 651525422 + 5?
651525430
In base 7, what is 136 + 416110?
416246
In base 5, what is 243324314 - -43?
243324412
In base 5, what is 1112 - 2403132?
-2402020
In base 10, what is -226618 - -14?
-226604
In base 5, what is -1433133 - 110314?
-2044002
In base 10, what is 615 - -584872?
585487
In base 8, what is 42667435 + 4?
42667441
In base 15, what is 1253d8d - 0?
1253d8d
In base 5, what is 2 + -1031142231431?
-1031142231424
In base 2, what is -100000011101111111011101101 + -11?
-100000011101111111011110000
In base 14, what is -1c + -361b81?
-361b9d
In base 11, what is -246740 - 7?
-246747
In base 16, what is 0 + 2f527c?
2f527c
In base 2, what is 100011111100111001010 - -101?
100011111100111001111
In base 13, what is 2421a2a + 0?
2421a2a
In base 12, what is -6306ba + 3b?
-63067b
In base 9, what is 84302 - 175?
84116
In base 9, what is -1 - -36327848?
36327847
In base 5, what is 23043434 - -13?
23044002
In base 8, what is -1 + 25210541?
25210540
In base 3, what is -201112201022120 - -12?
-201112201022101
In base 4, what is 10311012 + 2003213?
12320231
In base 12, what is 1b1a4 - a1b?
1a385
In base 6, what is 101554 - -5430?
111424
In base 8, what is 105756606 - 5?
105756601
In base 13, what is -37c441 - -11?
-37c430
In base 14, what is -5740b - -30?
-573bb
In base 12, what is -1 - -7620989?
7620988
In base 7, what is -13 - 2206555?
-2206601
In base 14, what is -1b + 1a8d37?
1a8d1a
In base 4, what is 22300222 - -122?
22301010
In base 10, what is -108670 - 123?
-108793
In base 8, what is 173703 + 15117?
211022
In base 12, what is -13 - -45a78?
45a65
In base 16, what is -5cf05 + 6?
-5ceff
In base 5, what is 4444341240 - -300?
4444342040
In base 16, what is 1371 + 1067?
23d8
In base 11, what is -2a25 - 28213?
-30138
In base 14, what is -512c6 - -a7?
-5121d
In base 7, what is 2 + -1446122333?
-1446122331
In base 9, what is 187105 - 5347?
181647
In base 9, what is -42050806 - -38?
-42050757
In base 10, what is -4 - -13259523?
13259519
In base 12, what is 646 + -1a07?
-1381
In base 16, what is -1f640 + f6?
-1f54a
In base 2, what is 11 + -10011111100101000100111001?
-10011111100101000100110110
In base 10, what is -4883 + 2343?
-2540
In base 15, what is 19d4aa56 + -1?
19d4aa55
In base 8, what is 20121256 + -2?
20121254
In base 11, what is 4 - 112133?
-11212a
In base 10, what is -5 + -2521961?
-2521966
In base 6, what is -1331234434 + -5?
-1331234443
In base 2, what is -100001101010010101001001 - 110?
-100001101010010101001111
In base 6, what is 1553321103 + -5?
1553321054
In base 7, what is 34261 + 10641?
45232
In base 8, what is 4 - 6426753?
-6426747
In base 16, what is 29270f - 5?
29270a
In base 10, what is -2 - -25825428?
25825426
In base 4, what is 1 + -321130201113?
-321130201112
In base 12, what is 1 + -10b663?
-10b662
In base 6, what is -4 + -522500244?
-522500252
In base 16, what is -29901f - -4?
-29901b
In base 14, what is -b + 6c63770?
6c63763
In base 10, what is -3 + 5032627?
5032624
In base 10, what is -4 - 31495844?
-31495848
In base 16, wha